 is the units digit of c?
8
Let t(z) = 178*z**2 - 6*z - 11. What is the units digit of t(-3)?
9
Let p = -57 - -36. Let c = 1 + p. Let k = c + 33. What is the tens digit of k?
1
Suppose 0 = -4*j - 5*s + 195 - 10, j - 49 = -4*s. What is the tens digit of j?
4
Let c(s) = 13*s**3 + 8*s**2 - 26 - 12*s**3 + 4*s**2 + 3 + 9*s. What is the units digit of c(-10)?
7
Let k = 0 + -21. What is the tens digit of 2/(-7) + (-405)/k?
1
Let y(g) = 3*g**3 + 6*g**2 + g + 3. Let v(s) = -16*s**3 - 30*s**2 - 5*s - 14. Let t(m) = 2*v(m) + 11*y(m). What is the tens digit of t(-5)?
2
Let p(r) be the first derivative of r**3/3 + 3*r**2/2 - 12*r + 53. What is the units digit of p(15)?
8
Suppose 0 = -3*c + c + 4*y + 506, -5*c = -4*y - 1295. Suppose 3*p - 43 = c. What is the tens digit of p?
0
Let b(m) = -m**2 - 11*m - 6. Suppose -31 = -w - 8. Suppose 5*d = -5*s - 65, 4*d = d + s - w. What is the units digit of b(d)?
2
Suppose 0 = 9*r + 977 - 4577. Let m = r + -191. What is the hundreds digit of m?
2
Let r(o) = -6*o - 19. Let s be r(-16). Let p = 103 - s. What is the units digit of p?
6
Suppose 3*o + 3*m = -146 - 40, -3*m = -12. Suppose 0 = 2*l - 5*j - 117 - 42, 440 = 5*l - 4*j. Let r = l + o. What is the tens digit of r?
2
Let u = 3113 - -131. What is the tens digit of u?
4
Let u = 5 + 361. What is the units digit of u?
6
Let z be -1 + (-5)/((-5)/(-252)). Let l = z + 373. What is the tens digit of l?
2
Let j(z) = z**3 - 4*z**2 + z - 2. Let f be j(3). Let q be (-20)/(-8)*f/(-5). What is the units digit of (q/6 + 0)*6?
4
Suppose -u = u - 8. Suppose -l + u*l = z + 155, 3*l - 160 = -4*z. Suppose 0 = 2*w - l - 84. What is the tens digit of w?
6
Let h be 1 - 153 - (1 + 2). Let v be (0 - h)*(3 - 2). Suppose -r = 4*r - v. What is the tens digit of r?
3
Let p(b) = 2*b**2 - 3*b + 48. Let f(x) = -x**3 - 6*x**2 - x - 6. Let m be f(-6). What is the units digit of p(m)?
8
Let v = 15 + -11. Suppose -4*x = -16, -o - v*o + x + 196 = 0. Suppose o = 3*b + 1. What is the units digit of b?
3
Let s(c) = 301*c**2 + 2*c + 9. What is the thousands digit of s(-2)?
1
Let j(x) = -20*x - 2. Suppose 3*k + 4 = -5. What is the tens digit of j(k)?
5
Let i be -3 + -3 + 4 + -43. Let b = 204 + i. What is the units digit of b?
9
Let j = 113 - 173. Let p = j + 39. What is the tens digit of (-249)/(-21) + (-3)/p?
1
Let s be (55/15)/((-2)/12). Let g = -7 - s. Suppose 3*t + r = g, 0 = -8*t + 3*t - 4*r + 32. What is the units digit of t?
4
Let w = -21 - -25. Suppose -w*c - 5*q + 139 = 0, 2*c + 4*q = -2*c + 140. What is the units digit of c?
6
Let l = -19 - -24. Suppose 227 = 4*d + 5*r, -r + 5*r + 294 = l*d. What is the units digit of d?
8
Let f = -403 + 408. Let x(g) = -g + 1. Let t(p) = 18*p - 11. Let w(b) = t(b) + 5*x(b). What is the tens digit of w(f)?
5
Suppose 3*r + 2*t - 15 = -t, 3*r - 25 = -5*t. Suppose r = -23*p + 20*p + 144. What is the tens digit of p?
4
Suppose 4*i + 5*r - 9567 = -0*i, -2*i + 3*r + 4767 = 0. What is the tens digit of i?
8
Let k(g) = 53*g - 353. What is the tens digit of k(16)?
9
Suppose 2*f - 4141 = -j, 16576 = 4*j + 31*f - 35*f. What is the units digit of j?
3
Suppose 6*q - 3*q + 1922 = 2*r, 5*q = r - 961. What is the tens digit of r?
6
Suppose 5*j - 4*o - 3 = 0, -o = 3*j - 5*o + 3. Suppose -g + j + 64 = 0. What is the tens digit of g?
6
Let g = 5 + -2. Let h(p) = 10*p**2 - p + 2. Let t be h(g). Suppose -3*q - 51 = -3*r, -3*r - q = 22 - t. What is the tens digit of r?
2
Let l = -27 - -29. Let m(y) = -5 - 7 - 3*y + y**l + 7. What is the tens digit of m(9)?
4
Suppose 2*n = -3 - 5. Let f be 45/(-2) + -3*4/24. Let o = n - f. What is the tens digit of o?
1
Suppose 8*u = 3*u + 1200. Suppose u = h + 2*h. What is the units digit of h?
0
Suppose 0 = -7*d + 4*d - 108. Let q = 63 + d. What is the units digit of q?
7
Suppose 0 = -4*v - 12, -3*k + 27 = -4*v - v. Let y be (k/(-2) + 2)/3. Suppose y = -5*z - 14 - 6, -z = -3*u + 67. What is the tens digit of u?
2
Let j(r) = -2*r**3 - 6*r**2 + r - 9. Let h be j(-5). What is the units digit of 9/(-27) - h/(-6)?
4
Let x(k) = k**3 - 5*k**2 + 5*k + 3. Let f be x(3). Suppose f = 4*t + 261 - 689. Let h = t - 49. What is the units digit of h?
8
Suppose 32 = i - 3*p, -4*i + 7*p - 2*p = -156. Suppose 3*j = i + 16. What is the units digit of j?
0
Suppose -4*m + 50 = -2*g, -5*g + 0*g - 5*m - 50 = 0. Let z(n) = n + 21. What is the units digit of z(g)?
6
Let y(g) = -g**2 - 2*g + 7. Let b be y(-6). Let h = -390 - -413. Let o = b + h. What is the units digit of o?
6
Suppose b + 3*p = -3*b + 112, 2*p - 133 = -5*b. What is the units digit of b - (-4)/(5/5)?
9
Let d be (-69)/(-6) - 8/16. Let c = 6 - 1. Suppose 1 - d = -c*u, j + u - 30 = 0. What is the tens digit of j?
2
Let c(q) = 28*q**3 - 3*q**2 + 3*q - 5. Let k = -77 - -79. What is the hundreds digit of c(k)?
2
Suppose -3*k = 5*a - k - 14, 5*a - 5*k = 35. Suppose -2*d + 0*d = -a. Suppose d*z - 44 = -2*z. What is the tens digit of z?
1
Let m(w) = w**2 + 12*w - 77. What is the hundreds digit of m(-34)?
6
Suppose -v = 2*v - 24. Suppose v*m = 10*m - 30. What is the units digit of m?
5
Suppose -10*k = -15*k + 3290. What is the hundreds digit of k?
6
Let v(x) = -x**2 - 22*x - 19. Let l(c) = 9*c**3 + c + 1. Let a be l(-1). What is the units digit of v(a)?
8
Let z(l) = l**2 - 6. Suppose -2*m = 2*w + 156, -4*w - 306 = -2*m + 3*m. Let x be w/18 + 12/54. What is the units digit of z(x)?
0
Let q(i) = i**3 + i**2 - i - 192. Let x be q(0). What is the tens digit of (-1)/(3/x) - 0?
6
Let y be (8/(-20))/2 + 1803/15. Let s = y + 6. What is the units digit of s?
6
Let u(v) = v**2 + 33*v + 3. What is the hundreds digit of u(5)?
1
Suppose 6*k - k = 10, 0 = -2*l - 3*k + 1304. What is the units digit of l?
9
Let d(t) = -t**3 - 17*t**2 + 16*t - 34. Let k be d(-18). Suppose 10*b + k*b = 1188. What is the units digit of b?
9
Let b(i) = i**2 + 12*i + 15. Let c be b(-11). Suppose -4 = -c*n + 4, -3*y + 102 = -3*n. What is the units digit of y?
6
Let w(t) = 4*t**2 - 5*t + 3. Suppose 2*n = -2*n + 8. What is the units digit of w(n)?
9
Let i be -16*12/3*-1. Let n(d) = -6*d + 21. Let q be n(9). Let t = i + q. What is the tens digit of t?
3
Let x(u) = -2*u**3 + 58*u**2 + 6*u - 30. What is the tens digit of x(27)?
4
Let s(r) = 2*r**2 + 9*r - 1. Let p(o) = 2*o**2 + 10*o - 1. Let d(x) = 6*p(x) - 7*s(x). Let k be d(-3). What is the units digit of (-74)/k - (-2)/(-8)?
9
Let k = -63 - -127. Suppose -128 = -4*z + 3*g + 223, -4*g = z - k. What is the units digit of z?
4
Suppose 4*z - 1 = 11. Suppose -u - 6*a = -3*a - 8, 0 = u + 4*a - z. Let r = -15 + u. What is the units digit of r?
8
Suppose 3*k = 4*o + 1148, -5*k - 2*o + 1895 = -5*o. What is the tens digit of k?
7
Let b(r) = 164*r - 46. What is the tens digit of b(5)?
7
Let h(z) = z**2 - 28*z + 164. What is the units digit of h(7)?
7
Let f(s) = -40*s - 10. Let m be f(-1). Let q(k) = 8*k**2 - 2*k + 2. Let b be q(3). Let t = b - m. What is the units digit of t?
8
Let q(o) = -353*o**3 + o**2 + 3*o + 1. What is the units digit of q(-1)?
2
Let o = 3 - 1. Suppose 0 = -6*j - o*j + 488. What is the units digit of j?
1
Suppose -1761 = -3*q + 3*p, 0 = -4*p - 12 - 8. Let u = -316 + q. What is the tens digit of u?
6
Let c be -1 - (12/(-4) + 3). Let r(s) = -69*s - 1. What is the tens digit of r(c)?
6
Suppose 0 = 6*t + 70 - 2608. What is the units digit of t?
3
Let a(c) = -7*c - 2. Let o be a(-6). Suppose 0*s - 4*s = o. Let f = s + 21. What is the units digit of f?
1
Let c = 72 + 774. What is the tens digit of c?
4
Suppose 4*d - 4*y - 536 = 0, -3*y = d - 5*y - 135. What is the hundreds digit of d?
1
Suppose -2*m = 6*s - s - 19, 0 = 2*s + 4*m - 14. Suppose -s*f + 105 = -0*f. What is the tens digit of f?
3
Let f be (-22071)/(-15) + (-18)/(-30). Suppose 0 = 5*g - 7*g + f. What is the tens digit of g/80*10/4?
2
Let g = -310 - -547. What is the units digit of g?
7
Let t = -5 - -7. Let a(l) = l**3 - 2*l**2 + 2*l + 1. Let u be a(t). Suppose d + 63 = 3*d + o, d = u*o + 4. What is the units digit of d?
9
What is the tens digit of (4/(-6))/((-286)/335049)?
8
Suppose -3*f + 470 + 392 = t, -2*f - 4*t + 578 = 0. What is the hundreds digit of f?
2
Let l(v) = v**3 + 31*v**2 + 13*v + 156. What is the units digit of l(-29)?
1
Suppose 17*a = -6859 + 29673. What is the units digit of a?
2
Let g = -652 - -973. What is the tens digit of